{"version":"1.0","provider_name":"Fondazione Comel","provider_url":"https:\/\/fondazionecomel.org\/en\/","author_name":"Luca Maria Pedrotti Dell'Acqua","author_url":"https:\/\/fondazionecomel.org\/en\/author\/luca-maria-pedrotti\/","title":"EDITORIALE: Soggetti religiosi e fiscalit\u00e0 - Fondazione Comel","type":"rich","width":600,"height":338,"html":"<blockquote class=\"wp-embedded-content\"><a href=\"https:\/\/fondazionecomel.org\/en\/dialogando-en\/editoriale-soggetti-religiosi-fiscalita\/\">EDITORIALE: Soggetti religiosi e fiscalit\u00e0<\/a><\/blockquote>\n<script type='text\/javascript'>\n<!--\/\/--><![CDATA[\/\/><!--\n\t\t\/*! This file is auto-generated *\/\n\t\t!function(d,l){\"use strict\";var e=!1,n=!1;if(l.querySelector)if(d.addEventListener)e=!0;if(d.wp=d.wp||{},!d.wp.receiveEmbedMessage)if(d.wp.receiveEmbedMessage=function(e){var t=e.data;if(t)if(t.secret||t.message||t.value)if(!\/[^a-zA-Z0-9]\/.test(t.secret)){for(var r,i,a,s=l.querySelectorAll('iframe[data-secret=\"'+t.secret+'\"]'),n=l.querySelectorAll('blockquote[data-secret=\"'+t.secret+'\"]'),o=new RegExp(\"^https?:$\",\"i\"),c=0;c<n.length;c++)n[c].style.display=\"none\";for(c=0;c<s.length;c++)if(r=s[c],e.source===r.contentWindow){if(r.removeAttribute(\"style\"),\"height\"===t.message){if(1e3<(a=parseInt(t.value,10)))a=1e3;else if(~~a<200)a=200;r.height=a}if(\"link\"===t.message)if(i=l.createElement(\"a\"),a=l.createElement(\"a\"),i.href=r.getAttribute(\"src\"),a.href=t.value,o.test(a.protocol))if(a.host===i.host)if(l.activeElement===r)d.top.location.href=t.value}}},e)d.addEventListener(\"message\",d.wp.receiveEmbedMessage,!1),l.addEventListener(\"DOMContentLoaded\",t,!1),d.addEventListener(\"load\",t,!1);function t(){if(!n){n=!0;for(var e,t,r=-1!==navigator.appVersion.indexOf(\"MSIE 10\"),i=!!navigator.userAgent.match(\/Trident.*rv:11\\.\/),a=l.querySelectorAll(\"iframe.wp-embedded-content\"),s=0;s<a.length;s++){if(!(e=a[s]).getAttribute(\"data-secret\"))t=Math.random().toString(36).substr(2,10),e.src+=\"#?secret=\"+t,e.setAttribute(\"data-secret\",t);if(r||i)(t=e.cloneNode(!0)).removeAttribute(\"security\"),e.parentNode.replaceChild(t,e)}}}}(window,document);\n\/\/--><!]]>\n<\/script><iframe sandbox=\"allow-scripts\" security=\"restricted\" src=\"https:\/\/fondazionecomel.org\/en\/dialogando-en\/editoriale-soggetti-religiosi-fiscalita\/embed\/\" width=\"600\" height=\"338\" title=\"&#8220;EDITORIALE: Soggetti religiosi e fiscalit\u00e0&#8221; &#8212; Fondazione Comel\" frameborder=\"0\" marginwidth=\"0\" marginheight=\"0\" scrolling=\"no\" class=\"wp-embedded-content\"><\/iframe>","description":"La polemica circa il trattamento fiscale delle strutture gestite dai soggetti religiosi e dedicate all\u2019accoglienza a pagamento, le c. d. case per ferie et similia, non \u00e8 nuova come non lo \u00e8 nemmeno la diversa rappresentazione della realt\u00e0 che di questo fenomeno forniscono secondo l\u2019uso le parti interessate. C\u2019\u00e8, essendo tra l\u2019altro intervenuta da ultimo anche la UE, una normativa tesa a disciplinare la materia (esenzioni per le attivit\u00e0 non commerciali), ma l\u2019attenzione \u00e8 stata ravvivata dal prossimo Giubileo e dall\u2019attesa di numerosi flussi di pellegrini che potranno..."}

EDITORIALE: Soggetti religiosi e fiscalità - Fondazione Comel

<blockquote class="wp-embedded-content"><a href="https://fondazionecomel.org/en/dialogando-en/editoriale-soggetti-religiosi-fiscalita/">EDITORIALE: Soggetti religiosi e fiscalità</a></blockquote>
<script type='text/javascript'>
<!--//--><![CDATA[//><!--
		/*! This file is auto-generated */
		!function(d,l){"use strict";var e=!1,n=!1;if(l.querySelector)if(d.addEventListener)e=!0;if(d.wp=d.wp||{},!d.wp.receiveEmbedMessage)if(d.wp.receiveEmbedMessage=function(e){var t=e.data;if(t)if(t.secret||t.message||t.value)if(!/[^a-zA-Z0-9]/.test(t.secret)){for(var r,i,a,s=l.querySelectorAll('iframe[data-secret="'+t.secret+'"]'),n=l.querySelectorAll('blockquote[data-secret="'+t.secret+'"]'),o=new RegExp("^https?:$","i"),c=0;c<n.length;c++)n[c].style.display="none";for(c=0;c<s.length;c++)if(r=s[c],e.source===r.contentWindow){if(r.removeAttribute("style"),"height"===t.message){if(1e3<(a=parseInt(t.value,10)))a=1e3;else if(~~a<200)a=200;r.height=a}if("link"===t.message)if(i=l.createElement("a"),a=l.createElement("a"),i.href=r.getAttribute("src"),a.href=t.value,o.test(a.protocol))if(a.host===i.host)if(l.activeElement===r)d.top.location.href=t.value}}},e)d.addEventListener("message",d.wp.receiveEmbedMessage,!1),l.addEventListener("DOMContentLoaded",t,!1),d.addEventListener("load",t,!1);function t(){if(!n){n=!0;for(var e,t,r=-1!==navigator.appVersion.indexOf("MSIE 10"),i=!!navigator.userAgent.match(/Trident.*rv:11\./),a=l.querySelectorAll("iframe.wp-embedded-content"),s=0;s<a.length;s++){if(!(e=a[s]).getAttribute("data-secret"))t=Math.random().toString(36).substr(2,10),e.src+="#?secret="+t,e.setAttribute("data-secret",t);if(r||i)(t=e.cloneNode(!0)).removeAttribute("security"),e.parentNode.replaceChild(t,e)}}}}(window,document);
//--><!]]>
</script><iframe sandbox="allow-scripts" security="restricted" src="https://fondazionecomel.org/en/dialogando-en/editoriale-soggetti-religiosi-fiscalita/embed/" width="600" height="338" title="&#8220;EDITORIALE: Soggetti religiosi e fiscalità&#8221; &#8212; Fondazione Comel" frameborder="0" marginwidth="0" marginheight="0" scrolling="no" class="wp-embedded-content"></iframe>

La polemica circa il trattamento fiscale delle strutture gestite dai soggetti religiosi e dedicate all’accoglienza a pagamento, le c. d. case per ferie et similia, non è nuova come non lo è nemmeno la diversa rappresentazione della realtà che di questo fenomeno forniscono secondo l’uso le parti interessate. C’è, essendo tra l’altro intervenuta da ultimo anche la UE, una normativa tesa a disciplinare la materia (esenzioni per le attività non commerciali), ma l’attenzione è stata ravvivata dal prossimo Giubileo e dall’attesa di numerosi flussi di pellegrini che potranno...
